- 391962. Give k(3).
-42
Let r(o) = -8*o**2 + 58*o - 250. Determine r(6).
-190
Let u(x) = 43917*x - 4084328. Calculate u(93).
-47
Let d(m) = 10*m**2 + 169*m - 25762. Determine d(-60).
98
Let h(f) = 4346*f**2 - 738*f. Calculate h(-1).
5084
Let j(z) = -20*z**2 - 5836*z - 29215. What is j(-5)?
-535
Let v(j) = 40*j**2 - 51*j + 44. Give v(9).
2825
Let w(p) = 55*p**2 + 1687*p + 9976. What is w(-8)?
0
Let x(u) = u**2 + 112017*u + 11527138. Give x(-103).
-4
Let f(x) = x**2 - 124*x - 881. Calculate f(130).
-101
Let l(j) = 136*j**2 + 1468*j + 1086. Determine l(-10).
6
Let q(n) = 2*n**3 - 7*n**2 - 105*n - 144. Determine q(-9).
-1224
Let b(u) = -7*u**2 - 509*u - 166. Determine b(-74).
-832
Let l(y) = 3*y**3 + 475*y**2 - 800*y - 64. Calculate l(-160).
-64
Let v(y) = -8*y**2 - 4201*y + 20677. What is v(-530)?
7
Let h(i) = -i**3 - 19*i**2 + 5*i - 842. What is h(-26)?
3760
Let h(f) = f**3 - 4*f**2 + 14*f - 367. Determine h(9).
164
Let z(b) = -1589*b - 162004. What is z(-102)?
74
Let o(h) = 5*h**3 - 6*h**2 + 114262*h - 228509. Determine o(2).
31
Let k(b) = 2*b**3 + 125*b**2 + 395*b + 12937. Determine k(-61).
5
Let q(j) = 159*j - 6090. What is q(38)?
-48
Let v(j) = j**3 - 211*j**2 + 573*j + 10641. Give v(208).
33
Let v(i) = -i**2 + 222*i - 3829. Give v(19).
28
Let o(a) = -47*a**2 - 101*a + 299. Determine o(3).
-427
Let r(q) = -28632*q - 171868. Calculate r(-6).
-76
Let u(o) = -22*o**2 + 942*o + 12111. Give u(53).
239
Let p(q) = 2*q**2 - 23451*q + 1701262. What is p(73)?
-3
Let m(j) = -30*j**2 + 1117*j + 1114. What is m(-1)?
-33
Let t(p) = -617*p + 48696. Determine t(79).
-47
Let k(i) = 1474*i + 126716. Calculate k(-86).
-48
Let c(i) = -3375*i - 46663. Determine c(-15).
3962
Let r(n) = n**3 - 154*n**2 + 4773*n + 142. Determine r(111).
142
Let d(w) = -577*w - 17280. Determine d(-30).
30
Let g(z) = 2*z**3 - 602*z**2 - 27*z + 8154. Give g(301).
27
Let c(b) = -15*b**2 + 265*b + 52525. What is c(-51)?
-5
Let n(a) = a**3 - 72*a**2 + 187*a + 2647. Give n(69).
1267
Let d(s) = 2*s**3 - 93*s**2 + 45*s + 189. Determine d(46).
143
Let m(y) = -y**2 + 215264*y - 1937284. Give m(9).
11
Let b(z) = 16*z**3 - 74*z**2 - 36*z + 114. Calculate b(4).
-190
Let r(c) = -57*c + 13600. What is r(238)?
34
Let g(r) = -3960*r + 87118. Give g(22).
-2
Let l(s) = 5610*s + 1458605. Give l(-260).
5
Let i(c) = 4*c**3 + 80*c**2 - 4907*c - 98125. Calculate i(-20).
15
Let z(t) = t**3 - 18*t**2 - 48. Determine z(7).
-587
Let t(y) = y**2 - 1429*y - 18748. Determine t(-13).
-2
Let g(a) = -a**3 - 289*a**2 + 860*a - 4659. Calculate g(-292).
13
Let k(j) = 3*j**3 + 459*j**2 - 11556*j + 227. What is k(22)?
95
Let f(t) = -894*t - 26826. What is f(-30)?
-6
Let y(c) = -c**3 + 261*c**2 + 5611*c + 2520. What is y(281)?
-9
Let x(d) = 45*d + 2968. Determine x(-55).
493
Let q(y) = y**3 + 686*y**2 + 86642*y - 5171. Give q(-167).
6
Let y(m) = -m**3 - 120*m**2 + 809*m + 38825. Give y(-124).
13
Let t(m) = 3*m**3 + 103*m**2 + 2133*m + 71163. Give t(-34).
-203
Let s(g) = 2*g**3 + 73*g**2 - 7*g + 1176. Calculate s(-37).
66
Let h(u) = 116047*u + 1. What is h(0)?
1
Let l(r) = -16*r**3 - 4486*r**2 - 1676*r + 1120. Calculate l(-280).
0
Let o(z) = -158885*z - 3495475. Calculate o(-22).
-5
Let a(z) = 18532*z - 55669. Give a(3).
-73
Let g(d) = -d**3 - 115*d**2 - 373*d - 4005. Calculate g(-112).
139
Let a(y) = 2*y**3 - 46*y**2 + 63*y + 24. Calculate a(22).
442
Let b(m) = 454*m - 21481. Give b(44).
-1505
Let d(y) = y**3 - 581*y**2 - 1902*y + 87580. Give d(584).
-20
Let g(t) = 1095*t - 283772. Give g(259).
-167
Let y(l) = 105010*l - 525049. Determine y(5).
1
Let w(p) = -p**3 - 135*p**2 - 2426*p - 658. Give w(-21).
14
Let x(t) = -2*t**2 + 997*t + 74502. What is x(-66)?
-12
Let r(p) = 1279*p - 3082. What is r(2)?
-524
Let a(m) = m**3 - 216*m**2 - 665*m + 1383. What is a(219)?
-369
Let a(r) = r**3 + 29*r**2 + 66*r + 1435. Calculate a(-28).
371
Let p(t) = 4*t**3 - 36*t**2 - 6284*t + 56578. Calculate p(9).
22
Let p(a) = -2*a**3 - 205*a**2 + 320*a + 611. Determine p(-104).
-221
Let d(k) = 105*k**2 - 52*k + 102. Determine d(2).
418
Let s(b) = -79*b**2 + 3102*b - 184. Calculate s(39).
635
Let j(d) = 4009*d - 175230. Calculate j(44).
1166
Let a(j) = -22*j**2 - 1179*j + 692. What is a(-54)?
206
Let m(z) = -7962*z**2 + 836011*z - 64. Give m(105).
41
Let p(n) = -3*n**2 + 596*n + 11660. What is p(-18)?
-40
Let y(u) = -2*u**3 - 652*u**2 - 49936*u + 381. Calculate y(-203).
-25
Let u(o) = 717*o + 10804. Calculate u(-15).
49
Let u(j) = -21*j**2 - 82*j - 190. Determine u(-2).
-110
Let s(f) = -7920*f - 31700. Determine s(-4).
-20
Let n(t) = -t**2 - 826*t - 73807. Determine n(-102).
41
Let v(c) = -14538*c + 1541029. Determine v(106).
1
Let w(d) = -537*d + 71015. What is w(133)?
-406
Let s(f) = -1898*f + 79709. Determine s(42).
-7
Let a(g) = -g**2 - 1011*g + 6127. What is a(6)?
25
Let s(b) = 7*b**3 + 210*b**2 - b - 1228. What is s(-30)?
-1198
Let f(v) = -v**3 - 1890*v**2 + 3115*v - 1265747. Give f(-1892).
1
Let s(x) = -32569*x + 586233. Calculate s(18).
-9
Let h(o) = 107*o**3 - 19*o**2 + 399*o - 402. Calculate h(1).
85
Let f(z) = -z**2 - 170*z - 8037. Give f(-109).
-1388
Let s(g) = -23*g - 1450. Give s(-70).
160
Let k(v) = 1172*v - 15119. Give k(13).
117
Let f(t) = -2*t + 328. Give f(125).
78
Let x(a) = 83*a**2 - 1772*a + 30. Give x(21).
-579
Let c(w) = 468*w**2 + 3264*w - 22. Determine c(-7).
62
Let b(r) = 24*r**2 - 143*r + 89. Determine b(2).
-101
Let v(a) = 1018*a**3 + 92642*a**2 + 356*a - 746. What is v(-91)?
-18
Let y(c) = -4*c**2 + 190*c + 341. Determine y(50).
-159
Let k(a) = 2880*a - 63338. Calculate k(22).
22
Let k(u) = -6*u**2 + 1297*u + 3677. Give k(219).
-46
Let n(w) = -3*w**2 + 538*w - 8017. What is n(17)?
262
Let r(i) = -776*i - 295317. Give r(-382).
1115
Let d(z) = 82375*z - 1894666. Determine d(23).
-41
Let o(w) = -2*w**3 - 19*w**2 - 28*w + 55. Calculate o(-10).
435
Let t(p) = -4456*p - 8933. Give t(-2).
-21
Let b(j) = -j**3 - 305*j**2 - 1529*j - 8319. Determine b(-300).
381
Let o(m) = -2*m**2 - 145*m + 274. Calculate o(-75).
-101
Let w(g) = -2523*g + 20300. Give w(8).
116
Let b(r) = -11*r**2 - 664*r + 4066. What is b(-66)?
-26
Let i(z) = -14*z**2 + 2675*z - 20492. Determine i(8).
12
Let x(w) = -1070*w**2 - 72780*w - 1372. What is x(-68)?
-12
Let o(v) = 823*v - 90508. Determine o(110).
22
Let y(v) = -593*v - 2482. What is y(-4)?
-110
Let w(v) = 29*v**2 - 596*v - 5601. Give w(-7).
-8
Let i(x) = x**3 + 184*x**2 + 3429*x + 972. Give i(-163).
-6
Let u(i) = 209*i - 3629. Determine u(13).
-912
Let a(n) = -23*n**2 + 3504*n + 7101. Calculate a(-2).
1
Let c(b) = -21698*b + 5164115. What is c(238)?
-9
Let r(m) = m**2 - 247209*m - 5686342. Give r(-23).
-6
Let l(y) = -12*y**3 - 254*y**2 + 6*y - 385. What is l(-21)?
-1393
Let u(l) = 2*l**3 + 22*l**2 - 10453*l - 195. Determine u(67).
-262
Let u(c) = -c**3 + 21*c**2 - 43*c + 727. Give u(19).
632
Let k(s) = -s**3 - 1247*s**2 + 123*s - 1403960. Determine k(-1248).
40
Let l(z) = -2*z**3 + 31*z**2 + 13*z - 21. Give l(16).
-69
Let p(n) = -n**3 + 17*n**2 - 55*n + 899. What is p(17)?
-36
Let u(t) = 20177*t + 20088. Calculate u(-1).
-89
Let y(w) = -1056215*w - 16. Determine y(0).
-16
Let h(g) = 9196*g - 128743. What is h(14)?
1
Let c(p) = p**3 + 33*p**2 + 208*p + 336. What is c(-23)?
842
Let f(j) = -j**3 - 172*j**2 - 1004*j - 142436. Give f(-171).
7
Let s(a) = -2*a**3 - 105*a**2 - 391*a + 3. Calculate s(-5).
-417
Let y(s) = 144*s**3 - 849*s**2 - 85*s - 20. What is y(6)?
10
Let a(j) = j**3 + 40*j**2 - 361*j + 690. Calculate a(5).
10
Let m(h) = -259*h**2 - 5727*h - 681. Calculate m(-22).
-43
Let s(n) = 2*n**2 + 704*n + 60242. Calculate s(-146).
90
Let b(o) = 326844*o - 16669044. Calculate b(51).
0
Let u(x) = x**3 - 12*x**2 + 171*x - 1486. Calculate u(10).
24
Let g(a) = 33*a + 1233. Determine g(-30).
243
Let c(y) = 57*y + 13119. What is c(-220)?
579
Let b(z) = 187*z - 10522. Calculate b(56).
-50
Let a(h) = -1597*h - 11907. What is a(-7)?
-728
Let v(l) = l**3 - 790*l**2 + 8630*l - 676. Give v(11).
-5
Let w(i) = 3*i**2 - 1641*i + 161593. Calculate w(129).
-173
Let q(o) = 2*o**2 + 283*o - 12112. What is q(-176)?
32
Let s(v) = -11*v**3 - 2124*v**2 + 4090*v - 981. Give s(-195).
-6
Let l(m) = -2*m**3 + 8*m**2 + 989*m + 3694. Determine l(-4).
-6
Let f(p) = -5*p**2 - 34*p + 124. Calculate f(4).
-92
Let s(h) = -8544*